**2 + 23*h + 8. Let f be w(-15). Let v = f - -222. Let y(c) = c**3 - 9*c**2 + 11*c + 4. Calculate the remainder when v is divided by y(8).
26
Suppose 2*l + 44 = 156. Suppose -3*j = 2*a + 3*a - 1355, 0 = j + 2*a - 453. Calculate the remainder when j is divided by l.
53
Let q be 3/((-27)/1071*-7). Suppose -3*x = -q*x + 224. Calculate the remainder when x is divided by 14.
2
Let l be (-24)/84 + 173/(-7). What is the remainder when (-2 + 3)/((-26)/l + -1) is divided by 2?
1
Suppose -83*g - 5220 = 72*g - 185*g. What is the remainder when g is divided by 173?
1
Let m = -26685 - -27890. Calculate the remainder when m is divided by 55.
50
What is the remainder when 400 is divided by 11 + 1 + (39 - 32)?
1
Suppose -64 - 80 = -3*h. Let l = 53 - h. Suppose q + z = 90, -l*z = 3*q - 8*q + 420. Calculate the remainder when q is divided by 18.
15
Let h(d) = d**3 - 3*d**2 - 3*d + 9. Let a be h(2). What is the remainder when 168 is divided by (-3)/a*(6 + (-1)/(-3))?
16
Let v be (-2)/(((-21)/(-318))/7). Let c = v + 96. Let m = -79 - c. What is the remainder when 71 is divided by m?
34
Suppose -224*q + 48 = -208*q. Let n(a) = a**3 - 6*a + 5. Let w = -100 - -195. Calculate the remainder when w is divided by n(q).
11
Suppose a = -4*l + 59, -2*a - 62 = 30*l - 34*l. Suppose l + 113 = 2*t. What is the remainder when t is divided by 8?
0
Suppose -3*o + c = -104, 69*o - 72*o - 5*c + 164 = 0. Suppose p + u = 146, p + 442 = 4*p + 2*u. What is the remainder when p is divided by o?
36
Suppose -10170 = -27*p - 87*p + p. What is the remainder when p is divided by 30?
0
Calculate the remainder when 15/6*27122/355 is divided by 51.
38
Suppose 31824 = -554*c + 658*c. Let z(l) = 32*l - 2. Calculate the remainder when c is divided by z(2).
58
Suppose -20*z + 28397 - 4937 = 0. What is the remainder when z is divided by 114?
33
Let z = 3275 - 2726. What is the remainder when 1654 is divided by z?
7
Let n(j) = 12*j**2 - 46*j + 97. What is the remainder when 625 is divided by n(4)?
100
Let c(m) = -2*m**2 - 10*m - 9. Let f be c(-3). Suppose 5*a - 192 + 3 = k, -f*a + 3*k + 123 = 0. Let r = -15 + a. What is the remainder when 107 is divided by r?
19
Suppose 5*u + 92 = 20*d - 19*d, 4*d + 2*u = 280. What is the remainder when d is divided by 20?
12
Let f(u) = -3*u**3 + 2*u**2 + 6*u + 16. What is the remainder when 354 is divided by f(-2)?
30
Suppose 20*s - 13*s - 6540 = -8*s. What is the remainder when s is divided by 19?
18
Suppose -4*q - 10*q = 4*q - 270. Suppose -708 = -3*o - o. What is the remainder when o is divided by q?
12
Let k = 184 + -11. What is the remainder when k is divided by 16 + (-54)/6 + 38?
38
Suppose 4*c + 1140 = 4*f, 5*f - 875 = 2*f - 2*c. Let i = f - 159. What is the remainder when i is divided by 44?
42
Suppose 5*l - i + 875 = -823, 4*l - 4*i + 1368 = 0. Let x = -80 - l. Calculate the remainder when x is divided by 33.
28
Let x = -5416 + 5473. Calculate the remainder when 277 is divided by x.
49
What is the remainder when 250/10 - 11 - -484 is divided by 13?
4
Suppose 10*d + 226 + 324 = 32*d. Calculate the remainder when 1110 is divided by d.
10
Suppose -235 - 274 - 624 = -103*m. Calculate the remainder when 1702 is divided by m.
8
Let g(o) = -o + 10. Let y be g(-2). Suppose y*f - 1728 = 108. What is the remainder when f is divided by 31?
29
Let v(w) be the third derivative of -w**5/60 + 7*w**4/24 + w**3 + 24*w**2. Let l be v(8). What is the remainder when 5 is divided by (6 + l - 2)/1?
1
Let m = 5301 - 4268. What is the remainder when m is divided by 32?
9
Suppose 2*v - 576 = -5*j, -3*v - 7*j + 927 = -10*j. Calculate the remainder when v is divided by ((-2)/(-4)*102)/((-21)/(-14)).
31
Let f = -198 + 213. Calculate the remainder when (-15)/(-5) + 58 + -2 is divided by f.
14
Let s be -10*((-2)/6 - (-6)/(-36)). Suppose 2*l + 52 = m, s*l + 226 = 3*m + 71. What is the remainder when 23 is divided by 35*5/(m/4)?
9
Let k be 20 + 6/(-42) + 86/14. Suppose -t - 15 = -4*i + k, -3*i = 4*t - 7. What is the remainder when 69 is divided by i?
6
Let w be 17 + (5 - (-5 - -13)). Calculate the remainder when 33 is divided by (-1280)/896*w/(-4).
3
Suppose 17054 = 29*n - 15556 - 6395. Calculate the remainder when n is divided by 335.
5
Let n = 283 - 256. Suppose -3*g - n = 6*v - 7*v, 23 = v + g. What is the remainder when 214 is divided by v?
22
Let i be (3 - 3)*10/(-20). Suppose -18*c - 200 + 740 = i. Calculate the remainder when 111 is divided by c.
21
Suppose -5*l - 280 = -5*o, 4*o = -4*l + 83 + 173. Let h(n) = -n**3 + 27*n**2 - 69*n - 54. Calculate the remainder when o is divided by h(24).
6
Suppose -338262 = -102*t + 31653 + 169767. Calculate the remainder when t is divided by 54.
53
Suppose 2*v - 4*l - 60 = -2*v, -5*v + 4*l + 78 = 0. Suppose v*u = 544 + 212. What is the remainder when u is divided by 5?
2
Suppose 8434 + 7859 - 3621 = 88*t. What is the remainder when 180 is divided by t?
36
Let m(s) be the third derivative of s**4/24 + s**3 + s**2. Let v be 14 + 12 + 14/((-14)/(-21)*-3). What is the remainder when 71 is divided by m(v)?
21
Let y(d) = -d**2 - 75*d - 749. What is the remainder when 89 is divided by y(-13)?
32
Let i(v) = v**2 + 46*v - 1135. Calculate the remainder when (-49)/((0 - 0) + -1) is divided by i(18).
15
Let z = 77 + -57. Suppose -22*i - 30 = -z*i. What is the remainder when 153/7 - i/105 is divided by 13?
9
Let w = 7697 + -7563. What is the remainder when 910 is divided by w?
106
Let o = -16 - -23. Suppose o*r - 55 = 162. What is the remainder when 57 is divided by r?
26
Suppose -10 = 7*q - 38. Suppose -5*b = -0*w + 2*w - 172, q*w - 92 = -3*b. Let r = -30 + b. What is the remainder when r is divided by 3?
0
What is the remainder when 33 is divided by (-6)/(-8)*(-140)/(-105)?
0
Let v(o) = 596*o**2 - 2371*o + 26. Suppose -2*f = -238 - 64. What is the remainder when f is divided by v(4)?
73
Let i be (-1 - -3)*(7 + 220). Let n = i + -304. What is the remainder when n is divided by 31?
26
Suppose 561*n - 567*n + 474 = 0. Let h = 10 - 9. Suppose -h = -4*d + 63. What is the remainder when n is divided by d?
15
Suppose -16*r + 1249 + 719 = 0. Suppose -229 - r = -32*s. What is the remainder when (2 - 3) + (54 - 0) is divided by s?
9
Suppose 7*h - 1 - 1448 = 0. Let x = -109 + h. Calculate the remainder when x is divided by 20.
18
Suppose 0 = l + 3*l - 4. Suppose -8*b = -15 - l. Let i = 7 + -1. What is the remainder when i is divided by b?
0
Suppose -5*y - 21 + 276 = 0. Let m = 355 + -1255. Let a = 918 + m. What is the remainder when y is divided by a?
15
Suppose 4*o - 11 = 21. Let u = 25341 + -25319. Calculate the remainder when u is divided by o.
6
Suppose 842*w - 788*w = 906 - 96. Let t(l) = -5*l**3 + l**2 + 3*l + 2. Calculate the remainder when t(-2) is divided by w.
10
Suppose 52*v = 84*v - 6016. What is the remainder when 2048 is divided by v?
168
Suppose -2*q + 10 = b, 0*b + 5*b - 11 = 3*q. Let g = -281 - -284. Suppose g*x - 4 = 4*j, -3*x + 10 = 3*j - 8. Calculate the remainder when b is divided by x.
0
Let t = -29786 + 29886. Calculate the remainder when 2579 is divided by t.
79
Suppose -280 - 1670 = -15*y. Suppose -124*z - 702 = -y*z. Calculate the remainder when z is divided by 27.
9
Let s(f) = -148*f - 120. Calculate the remainder when 77 is divided by s(-1).
21
Suppose -70 = -4*v - 2*s, -3*s - 31 = -4*v + 2*v. Suppose 104*f - 102*f = 5*b - 327, 2*f = 3*b - 193. Calculate the remainder when b is divided by v.
16
Let d(p) = p**3 + 49*p**2 - 64*p + 428. Calculate the remainder when d(-50) is divided by 42.
36
Let a = 5 + 4. Let r = 1 - -3. Suppose -3*o = r*j - 79, 2*j = -o + 5*j + 22. What is the remainder when o is divided by a?
7
Suppose -2*b = -2*j + 10192, 4*j + 5*b = 4*b + 20379. What is the remainder when j is divided by 104?
103
Suppose -6*l - 85 = -g - l, -206 = -2*g + l. Suppose -g = 7*s - 12*s. Let o = 72 - s. What is the remainder when o is divided by 14?
9
Let c = -43267 + 44270. Calculate the remainder when c is divided by 25.
3
Let y(r) = r**3 - r**2 + 3. Let h(v) = -v**3 - 5*v**2 - 5*v - 2. Let m be h(-4). What is the remainder when ((1 - m) + 3)/(8/40) is divided by y(2)?
3
What is the remainder when 11 + 6/((-36)/6) - (-2 - 3) is divided by (1*-1)/(4/(-16))?
3
Let q = 9427 + -7489. What is the remainder when q is divided by 7?
6
Suppose 4